alculate the remainder when 2426 is divided by 105.
11
Calculate the remainder when 322 is divided by 99.
25
Calculate the remainder when 38 is divided by 5.
3
Calculate the remainder when 327 is divided by 102.
21
What is the remainder when 101 is divided by 36?
29
Calculate the remainder when 1132 is divided by 217.
47
Calculate the remainder when 105 is divided by 27.
24
What is the remainder when 283 is divided by 277?
6
Calculate the remainder when 68 is divided by 7.
5
What is the remainder when 971 is divided by 189?
26
Calculate the remainder when 5987 is divided by 272.
3
What is the remainder when 528 is divided by 55?
33
Calculate the remainder when 1276 is divided by 413.
37
What is the remainder when 453 is divided by 35?
33
What is the remainder when 237 is divided by 34?
33
What is the remainder when 835 is divided by 44?
43
Calculate the remainder when 713 is divided by 142.
3
What is the remainder when 901 is divided by 4?
1
What is the remainder when 98 is divided by 81?
17
Calculate the remainder when 2103 is divided by 111.
105
What is the remainder when 206 is divided by 54?
44
What is the remainder when 129 is divided by 27?
21
Calculate the remainder when 221 is divided by 14.
11
What is the remainder when 839 is divided by 30?
29
Calculate the remainder when 49 is divided by 5.
4
What is the remainder when 3729 is divided by 463?
25
What is the remainder when 4510 is divided by 2?
0
Calculate the remainder when 109 is divided by 22.
21
What is the remainder when 550 is divided by 213?
124
Calculate the remainder when 122 is divided by 119.
3
What is the remainder when 1952 is divided by 5?
2
Calculate the remainder when 196 is divided by 6.
4
What is the remainder when 599 is divided by 113?
34
Calculate the remainder when 474 is divided by 155.
9
What is the remainder when 151 is divided by 151?
0
What is the remainder when 94 is divided by 63?
31
What is the remainder when 178 is divided by 3?
1
What is the remainder when 95 is divided by 53?
42
What is the remainder when 2288 is divided by 224?
48
Calculate the remainder when 605 is divided by 107.
70
What is the remainder when 301 is divided by 128?
45
What is the remainder when 94 is divided by 11?
6
Calculate the remainder when 266 is divided by 101.
64
Calculate the remainder when 1928 is divided by 277.
266
What is the remainder when 547 is divided by 50?
47
Calculate the remainder when 176 is divided by 27.
14
What is the remainder when 377 is divided by 14?
13
What is the remainder when 197 is divided by 73?
51
What is the remainder when 34 is divided by 14?
6
Calculate the remainder when 198 is divided by 40.
38
Calculate the remainder when 732 is divided by 713.
19
Calculate the remainder when 1253 is divided by 180.
173
Calculate the remainder when 916 is divided by 34.
32
What is the remainder when 5803 is divided by 110?
83
Calculate the remainder when 2112 is divided by 62.
4
What is the remainder when 1201 is divided by 18?
13
Calculate the remainder when 239 is divided by 49.
43
Calculate the remainder when 580 is divided by 33.
19
What is the remainder when 1550 is divided by 30?
20
What is the remainder when 52 is divided by 19?
14
What is the remainder when 610 is divided by 179?
73
Calculate the remainder when 70751 is divided by 11.
10
Calculate the remainder when 126 is divided by 60.
6
Calculate the remainder when 566 is divided by 531.
35
What is the remainder when 1510 is divided by 27?
25
Calculate the remainder when 504 is divided by 314.
190
Calculate the remainder when 291 is divided by 42.
39
What is the remainder when 2647 is divided by 156?
151
What is the remainder when 375 is divided by 85?
35
What is the remainder when 115 is divided by 39?
37
What is the remainder when 1542 is divided by 35?
2
Calculate the remainder when 4617 is divided by 11.
8
What is the remainder when 918 is divided by 304?
6
Calculate the remainder when 114 is divided by 23.
22
Calculate the remainder when 830 is divided by 64.
62
Calculate the remainder when 69 is divided by 47.
22
What is the remainder when 1072 is divided by 29?
28
What is the remainder when 866 is divided by 13?
8
What is the remainder when 43 is divided by 32?
11
What is the remainder when 215 is divided by 33?
17
Calculate the remainder when 1086 is divided by 164.
102
What is the remainder when 404 is divided by 58?
56
Calculate the remainder when 104 is divided by 16.
8
Calculate the remainder when 318 is divided by 28.
10
What is the remainder when 214 is divided by 18?
16
What is the remainder when 173 is divided by 165?
8
What is the remainder when 322 is divided by 160?
2
What is the remainder when 118 is divided by 46?
26
Calculate the remainder when 264 is divided by 81.
21
Calculate the remainder when 248 is divided by 130.
118
Calculate the remainder when 56 is divided by 30.
26
Calculate the remainder when 41 is divided by 16.
9
Calculate the remainder when 314 is divided by 306.
8
What is the remainder when 38 is divided by 15?
8
What is the remainder when 535 is divided by 123?
43
Calculate the remainder when 38 is divided by 27.
11
Calculate the remainder when 877 is divided by 10.
7
Calculate the remainder when 7453 is divided by 15.
13
Calculate the remainder when 336 is divided by 45.
21
What is the remainder when 469 is divided by 80?
69
What is the remainder when 239 is divided by 4?
3
Calculate the remainder when 443 is divided by 144.
11
Calculate the remainder when 457 is divided by 97.
69
Calculate the remainder when 354 is divided by 171.
12
Calculate the remainder when 1783 is divided by 21.
19
Calculate the remainder when 644 is divided by 36.
32
Calculate the remainder when 385 is divided by 184.
17
Calculate the remainder when 202 is divided by 3.
1
Calculate the remainder when 266 is divided by 30.
26
Calculate the remainder when 207 is divided by 102.
3
Calculate the remainder when 129 is divided by 65.
64
What is the remainder when 1373 is divided by 125?
123
Calculate the remainder when 376 is divided by 13.
12
Calculate the remainder when 330 is divided by 85.
75
Calculate the remainder when 487 is divided by 78.
19
What is the remainder when 487 is divided by 174?
139
What is the remainder when 222 is divided by 21?
12
What is the remainder when 253 is divided by 99?
55
What is the remainder when 168 is divided by 78?
12
Calculate the remainder when 686 is divided by 165.
26
Calculate the remainder when 75 is divided by 11.
9
What is the remainder when 104 is divided by 36?
32
What is the remainder when 717 is divided by 103?
99
Calculate the remainder when 1753 is divided by 136.
121
Calculate the remainder when 270 is divided by 94.
82
What is the remainder when 31 is divided by 17?
14
What is the remainder when 78 is divided by 27?
24
What is the remainder when 517 is divided by 33?
22
What is the remainder when 40 is divided by 22?
18
Calculate the remainder when 502 is divided by 23.
19
What is the remainder when 147 is divided by 10?
7
What is the remainder when 18 is divided by 12?
6
What is the remainder when 111 is divided by 14?
13
Calculate the remainder when 472 is divided by 47.
2
What is the remainder when 106 is divided by 26?
2
Calculate the remainder when 629 is divided by 21.
20
Calculate the remainder when 1342 is divided by 266.
12
Calculate the remainder when 1246 is divided by 281.
122
What is the remainder when 62 is divided by 17?
11
Calculate the remainder when 461 is divided by 16.
13
Calculate the remainder when 591 is divided by 99.
96
What is the remainder when 105 is divided by 27?
24
What is the remainder when 379 is divided by 55?
49
What is the remainder when 8663 is divided by 6?
5
What is the remainder when 308 is divided by 28?
0
Calculate the remainder when 686 is divided by 140.
126
What is the remainder when 26743 is divided by 311?
308
What is the remainder when 149 is divided by 50?
49
Calculate the remainder when 220 is divided by 74.
72
What is the remainder when 3389 is divided by 423?
5
Calculate the remainder when 265 is divided by 183.
82
Calculate the remainder when 1400 is divided by 23.
20
What is the remainder when 229 is divided by 108?
13
What is the remainder when 1461 is divided by 40?
21
What i